
Convert -398 (base 15) to base 13.
-4ac
12314 (base 7) to base 4
302231
3015 (base 7) to base 13
621
Convert 1100011000 (base 2) to base 10.
792
What is -51615 (base 8) in base 3?
-1002100012
36 (base 11) to base 12
33
What is 1214230 (base 5) in base 15?
6c7a
Convert -1111 (base 4) to base 9.
-104
What is 406 (base 7) in base 6?
534
Convert -111 (base 14) to base 15.
-e1
Convert -18735 (base 9) to base 15.
-3cb2
Convert 3b2d (base 15) to base 11.
9554
Convert -100433 (base 7) to base 10.
-17027
-1d2 (base 16) to base 3
-122021
Convert -a12a (base 13) to base 7.
-121436
Convert -10100000001000 (base 2) to base 9.
-15046
Convert -1783 (base 9) to base 16.
-55b
What is -bcb (base 13) in base 8?
-3752
What is 4451 (base 8) in base 5?
33340
What is 7a (base 14) in base 2?
1101100
What is c379 (base 15) in base 13?
15a41
-162201 (base 7) to base 11
-2204a
-110c (base 15) to base 13
-184b
-1528 (base 12) to base 15
-b05
3506 (base 9) to base 6
20010
-1075 (base 10) to base 12
-757
Convert -1001001111 (base 2) to base 8.
-1117
Convert -2637 (base 14) to base 15.
-1ec8
-5a3a (base 13) to base 7
-52045
3f3 (base 16) to base 12
703
-214 (base 10) to base 6
-554
What is -5240 (base 10) in base 8?
-12170
Convert 332 (base 6) to base 11.
107
-553 (base 7) to base 9
-344
What is 277 (base 8) in base 16?
bf
617 (base 13) to base 15
48e
What is 1516 (base 7) in base 2?
1001011001
What is 31031131 (base 4) in base 2?
1101001101011101
What is 1101010101 (base 2) in base 14?
44d
Convert -323313 (base 4) to base 11.
-2973
Convert 53238 (base 9) to base 5.
2111224
What is -11211 (base 3) in base 5?
-1010
3727 (base 10) to base 6
25131
Convert -1010000001100001 (base 2) to base 15.
-c272
-222112 (base 3) to base 15
-32b
What is -1030112 (base 4) in base 14?
-1ad0
What is 221211 (base 3) in base 8?
1271
Convert 10202101 (base 3) to base 9.
3671
Convert 121200 (base 4) to base 14.
848
What is -624 (base 8) in base 2?
-110010100
What is 198 (base 15) in base 7?
1034
What is 2430 (base 12) in base 14?
16a8
142311 (base 8) to base 12
251a1
What is -376d (base 15) in base 11?
-8960
1020112 (base 3) to base 13
548
Convert -2134 (base 6) to base 9.
-604
-1430 (base 9) to base 3
-1111000
What is 1f6a (base 16) in base 12?
47a2
What is 1110000110100 (base 2) in base 15?
2215
-296 (base 11) to base 14
-1ab
Convert 21928 (base 10) to base 14.
7dc4
112111 (base 4) to base 8
2625
What is 555 (base 8) in base 4?
11231
20011121 (base 3) to base 6
32454
What is -23733 (base 8) in base 15?
-3053
What is -518 (base 9) in base 6?
-1542
1013232 (base 4) to base 11
34a3
2050 (base 9) to base 8
2737
What is 2056 (base 9) in base 15?
6a9
5318 (base 10) to base 15
1898
255 (base 15) to base 3
201122
What is -3132011 (base 4) in base 9?
-21442
-2011 (base 7) to base 5
-10234
Convert -2c1 (base 15) to base 12.
-447
224032 (base 5) to base 12
4781
13dd (base 15) to base 11
3221
244531 (base 6) to base 5
1144144
What is -29132 (base 11) in base 7?
-231515
-436 (base 13) to base 6
-3201
-549 (base 15) to base 8
-2252
Convert -1220122 (base 3) to base 5.
-21034
3133 (base 5) to base 9
514
Convert -2111012 (base 3) to base 8.
-3426
What is 742 (base 12) in base 11?
882
Convert 115221 (base 6) to base 9.
15034
-10011101000 (base 2) to base 10
-1256
Convert 6c01 (base 15) to base 2.
101100110100111
Convert -324 (base 11) to base 15.
-1ae
211 (base 5) to base 7
110
-200021212 (base 3) to base 15
-3e3e
Convert 5f5 (base 16) to base 7.
4306
Convert 21022011 (base 3) to base 11.
3aaa
-1222022 (base 3) to base 4
-112133
1200101 (base 5) to base 7
120565
Convert -10011001001010 (base 2) to base 15.
-2d87
12122002 (base 3) to base 11
30a3
123000 (base 5) to base 12
28ba
What is -2d5 (base 15) in base 7?
-1616
What is -213011 (base 4) in base 11?
-1974
-14bb8 (base 13) to base 14
-104b5
201032 (base 4) to base 15
96b
What is 24d (base 14) in base 13?
296
Convert -2230 (base 7) to base 6.
-3421
-1000110010 (base 2) to base 13
-343
15055 (base 6) to base 8
4553
Convert 1212032 (base 4) to base 11.
4a08
-479a (base 11) to base 6
-45024
What is 1543 (base 11) in base 14?
a19
What is 127b9 (base 14) in base 9?
68287
224013 (base 5) to base 16
1f48
Convert 11601 (base 7) to base 10.
3039
What is 1258 (base 9) in base 12?
668
50 (base 13) to base 15
45
Convert 86a (base 11) to base 8.
2024
What is -1cd (base 15) in base 10?
-418
What is 10110111111100 (base 2) in base 9?
17130
Convert 912 (base 16) to base 2.
100100010010
34337 (base 8) to base 14
543d
What is -6c71 (base 14) in base 10?
-18915
220211110 (base 3) to base 13
8316
Convert 454 (base 14) to base 12.
5b6
What is -7d0 (base 14) in base 4?
-120102
What is -1258 (base 9) in base 8?
-1660
Convert -6006 (base 16) to base 11.
-17518
What is -340 (base 14) in base 9?
-785
Convert 30461 (base 7) to base 5.
214232
1183 (base 13) to base 4
212221
What is 12a (base 14) in base 11?
1a3
-100000111000 (base 2) to base 3
-2212221
Convert -3021 (base 5) to base 11.
-321
Convert 704 (base 15) to base 2.
11000101011
44353 (base 7) to base 12
6561
-14774 (base 10) to base 2
-11100110110110
What is -210 (base 12) in base 9?
-363
What is -5d55 (base 14) in base 13?
-7592
-59c8 (base 13) to base 5
-401140
What is 16352 (base 8) in base 2?
1110011101010
What is -8cc (base 15) in base 3?
-2201210
What is -202130 (base 5) in base 16?
-198c
Convert 12 (base 4) to base 2.
110
-d27 (base 14) to base 11
-1a39
What is -1231000 (base 4) in base 7?
-26224
-13018 (base 9) to base 12
-50a5
Convert -67d4 (base 15) to base 7.
-121132
Convert 1055213 (base 6) to base 11.
37881
Convert 684 (base 15) to base 13.
895
Convert -20202001 (base 3) to base 10.
-4915
13114 (base 5) to base 11
860
Convert -22232 (base 7) to base 15.
-19de
101111110000 (base 2) to base 12
1928
What is 4573 (base 11) in base 10?
6009
-1232124 (base 5) to base 10
-24039
Convert 22122 (base 3) to base 12.
175
Convert 1464 (base 10) to base 11.
1111
What is 273 (base 11) in base 16?
142
Convert -340d (base 14) to base 10.
-9029
75d (base 15) to base 13
9ac
Convert 2121200201 (base 3) to base 9.
77621
Convert 1212305 (base 6) to base 15.
13e9e
What is -21100012 (base 3) in base 2?
-1010011100111
Convert -97b (base 14) to base 13.
-b11
10345 (base 7) to base 8
5025
What is -152 (base 15) in base 6?
-1222
d223 (base 14) to base 2
1000110011111111
What is -29 (base 16) in base 13?
-32
Convert c6 (base 13) to base 7.
321
-54341 (base 6) to base 11
-5688
What is 17748 (base 13) in base 8?
130177
What is 1111000110111 (base 2) in base 6?
55451
What is -78 (base 16) in base 7?
-231
1435 (base 14) to base 7
13265
What is 1a3 (base 16) in base 10?
419
What is -a56e (base 15) in base 10?
-34979
Convert -111133 (base 4) to base 11.
-1040
Convert -1f7 (base 16) to base 9.
-618
What is -9a50 (base 16) in base 9?
-60163
What is -12435 (base 7) in base 6?
-23153
-15 (base 6) to base 11
-10
-1222111100 (base 3) to base 8
-114125
Convert dd (base 15) to base 12.
154
Convert 460 (base 7) to base 15.
10d
Convert -800 (base 13) to base 15.
-602
-89b (base 12) to base 8
-2367
Convert 1001232 (base 4) to base 13.
1bb7
What is 1118 (base 12) in base 15?
862
Convert 100101101 (base 2) to base 16.
12d
What is -11374 (base 10) in base 9?
-16537
-10010110100101 (base 2) to base 12
-56b1
Convert 1a27 (base 11) to base 13.
1229
What is -2423 (base 7) in base 9?
-1208
-101011001111 (base 2) to base 9
-3714
Convert -18815 (base 9) to base 13.
-5c33
What is 6340 (base 7) in base 11?
1750
Convert 313505 (base 7) to base 5.
3212401
What is -146240 (base 7) in base 16?
-6fb3
2a0 (base 11) to base 6
1344
What is 10043 (base 5) in base 4?
22020
What is -16447 (base 13) in base 4?
-22113232
Convert -1215 (base 6) to base 11.
-252
-122101 (base 3) to base 14
-257
Convert 58323 (base 9) to base 2.
1001011111110101
-53321 (base 8) to base 11
-15775
What is -3022 (base 5) in base 15?
-1ac
What is -201401 (base 6) in base 10?
-15913
121 (base 8) to base 13
63
What is -d387 (base 16) in base 9?
-82247
604 (base 8) to base 7
1063
-22102000 (base 3) to base 14
-233b
27b5 (base 13) to base 15
1a6a
-123 (base 5) to base 4
-212
Convert -333 (base 7) to base 10.
-171
Convert -1926 (base 11) to base 5.
-34243
-5a3 (base 15) to base 4
-103332
What is 2566 (base 10)